 - s*a**2 + a. Calculate h(-3).
11
Let v = 8 + -8. Suppose v = 5*t - 0*t + 25. Let a(j) = j**3 + j + 1. Let g(x) = 5*x**3 - 7*x**2 - 2*x + 1. Let u(p) = 6*a(p) - g(p). Determine u(t).
15
Let f(a) be the third derivative of a**6/120 + a**5/20 + 2*a**3/3 + 80*a**2. Let c(g) = 2*g + 8. Let s be c(-6). Determine f(s).
-12
Let z(k) = 1 + k**2 - k**3 - 9*k**2 + 2 + 0*k**2 - 2*k + 1. Give z(-8).
20
Let r(j) = -3*j**3 + 3*j**2. Let a(u) = -4*u**3 + 3*u**2. Let b(g) = 4*a(g) - 5*r(g). Let d = 31063 + -31065. What is b(d)?
-4
Let z(n) = -n**3 - 13*n**2 - 14*n + 7. Suppose 0 = 2*c - 229 + 253. Give z(c).
31
Let s = 285 + -284. Let k(p) = -11*p**3 + p**2 - p + 1. Determine k(s).
-10
Suppose -14*d + 9*d = -75. Let g(k) = -13*k + d*k + k**3 + 7*k**2 + 1 + 7 + 0. What is g(-7)?
-6
Let r(t) be the second derivative of -t**4/12 + 13*t**3/6 - 5*t**2 - 36*t. Calculate r(12).
2
Let g = -100 - -101. Let d(c) = c**3 + c**2 - c - 1. Let y(a) = 6*a**3 + 9*a**2 - 4*a - 3. Let z(q) = g*y(q) - 5*d(q). Calculate z(-3).
8
Let u(p) = p + 9. Let x(h) = -1. Let j(d) = -u(d) - 5*x(d). Calculate j(-4).
0
Let o(m) = m**2 - m - 16. Let f be o(5). Suppose -3*z + f*z + 5 = -a, -8 = 2*a. Let w(k) = 23*k**2. Give w(z).
23
Let o(f) = 10*f - 14. Let l(a) = -23*a + 30. Let w(d) = -3*l(d) - 7*o(d). What is w(5)?
3
Let b(t) = t + 5. Let r be (-9)/(-12)*(-8)/12*-20. Suppose -14*n + r*n = 16. Determine b(n).
1
Let i(d) be the first derivative of -d**5/60 - d**4/12 + d**3/3 + 9*d + 56. Let l(y) be the third derivative of i(y). Calculate l(-4).
6
Let u = -853 - -855. Let z(i) = i**3 - 3*i + 5. Give z(u).
7
Let u(m) = -m**2 - 22*m - 7. Let t be u(-21). Suppose t*q = 10*q - 20. Let i(n) = 4*n**2 + 2 + 4*n + n**3 - 4*n**2 + 5*n**2. What is i(q)?
-18
Let k(b) = b - 5*b + 8*b + 6 + b**2. Calculate k(-4).
6
Suppose -214*a = -192*a. Let n(o) = -o + 14. What is n(a)?
14
Let a(g) = 2*g - 816*g**2 + 407*g**2 - 1 + 405*g**2. Determine a(-3).
-43
Let w = 164 + -167. Let h(a) = -2*a + 1. Calculate h(w).
7
Let n(b) = 0 - 9 + 11*b**3 - 4*b**3 - 6*b**3 - 4*b**2. Determine n(5).
16
Let r(w) be the third derivative of -1/24*w**4 - 16*w**2 + 1/60*w**5 + 0 + 0*w - 1/6*w**3 + 1/120*w**6. What is r(0)?
-1
Suppose -2*u - 2*u + 12 = 0. Let w(n) be the first derivative of 1/4*n**4 - n**3 - 11 - 1/2*n**2 + 0*n. Calculate w(u).
-3
Let o(a) = -7*a**3 - a**2 - 6*a + 3. Let s(k) = -8*k**3 - 2*k**2 - 7*k + 3. Let h(i) = -5*o(i) + 4*s(i). Let j(c) = 2*c - 4. Let w be j(3). Calculate h(w).
13
Let p(i) be the first derivative of i**2/2 + 7*i + 359. Give p(-10).
-3
Let b(f) = -f**2 - 4*f - 6. Suppose -7*t + 6 - 34 = 0. Calculate b(t).
-6
Let o(i) = 3. Let f(b) = -b - 12. Let n(q) = -2*f(q) - 7*o(q). Give n(4).
11
Let r(a) = -a**2 - 3*a - 3 - 4 + 13 - 6. Let o = 6 - 11. Give r(o).
-10
Let n(r) = 5*r - 7. Let b be (-18)/117 - 56/(-26). Give n(b).
3
Let y(o) be the third derivative of -27*o**2 + 0*o + 1/60*o**5 - 1/6*o**4 + 0 - 4/3*o**3. Let a(v) = -2*v - 2. Let k be a(-4). Determine y(k).
4
Let q(v) be the third derivative of v**5/60 + v**4/24 - 5*v**3/3 - 5*v**2 - 25*v. What is q(0)?
-10
Let y(l) = -2*l + 2. Let v(g) = -g**2 - 6*g - 8. Let k be v(-4). Suppose r + k*r + 5*q + 5 = 0, 5*r - 125 = 5*q. Suppose -r + 0 = -4*t. What is y(t)?
-8
Let y be 22/33 - 5/8. Let x(f) be the third derivative of -1/3*f**3 + 0*f + 9*f**2 + 0 + y*f**4 - 1/60*f**5. Calculate x(4).
-14
Let d(z) = -z**3 + 2*z**2 + 5*z + 3. Suppose 3*f = 2*l - 9, 7*l - 9*l + 5 = f. Suppose -v = -4*v - t + 15, -3*t = -3*v + l. What is d(v)?
-9
Let k(o) = -2*o - 18. Let c be (7/(21/(-2)))/((-3)/(-54)). Determine k(c).
6
Let j(u) = -2*u + 7. Let t(o) be the first derivative of o**3 - 7. Let p be t(1). Suppose 1 = z + 3*q, -3*z + 31 = -p*q - 2*q. Determine j(z).
-7
Let r(k) = 4*k**2 + 2*k - 2. Let q(z) = -z**3 - z**2 + 1. Let p(y) = -3*q(y) - r(y). Let s = -15 + 14. Give p(s).
-3
Let f(r) = -r - 14. Let z be f(-15). Let h(a) = -7*a**3 + 2*a**2 - 2*a + 3. Let c(o) = 6*o**3 - 3*o**2 + 3*o - 4. Let i(b) = -3*c(b) - 4*h(b). Calculate i(z).
10
Let f(h) = -16*h + 37*h - 2 - 20*h - 2*h**2. Give f(2).
-8
Let a = -41 + 51. Let d(f) = -f**2 - 2*f + 3. Let t be d(-3). Suppose t = 2*g - 4*m + a, 2*m - 15 = -m. Let l(w) = 2*w - 7. Give l(g).
3
Let z(f) = 768*f - 409*f - 356*f - f**3 + 2*f**2 + 3. Suppose -3*h = -3*i + 3, 5*h - 23 = -0*i - 2*i. Give z(h).
3
Let d(k) = k + 6. Let s be (-1857)/(-27) + -1 + 6/27. Let c be (1 + -1 - 4) + s/17. Calculate d(c).
6
Let g(k) = k**2 + k. Let l(s) = 4 - 3*s - s + 1 + 6. Let w be l(3). Give g(w).
0
Let h(n) = 2*n**2 + 99*n + 93*n - 278*n - 27 + 110*n. Give h(-13).
-1
Let r = 101 - 98. Let y(o) = 57*o**3 + o**2 + 17 - 12 - o - 56*o**r. Determine y(0).
5
Let o(w) = -w**2 - 8. Let a(j) = 2*j**2 - j + 17. Let m(l) = 6*a(l) + 13*o(l). Let v(r) = 23*r - 351. Let k be v(15). What is m(k)?
-2
Let k(i) be the second derivative of -i**4/12 - 3*i**3/2 + 3*i**2 - 137*i. Calculate k(-7).
20
Let f(i) be the third derivative of -i**4/24 + 2*i**3 - 20*i**2. Let r(w) = -w**2 + 6*w - 3. Let v = -4 - -8. Let l be r(v). Determine f(l).
7
Let s = 39 + -38. Suppose 34*y = 33*y + s. Let b(p) = 9*p - 1. Calculate b(y).
8
Let z(k) be the third derivative of k**5/60 - k**4/8 - k**3/2 + 2*k**2. Let d be (-15)/(-10)*(-28)/21. Give z(d).
7
Let j(x) be the first derivative of 5*x**2/2 + x - 1. Suppose 3*i + i = 4. Suppose g - p - i = 0, -g = 3*g + 5*p + 14. Calculate j(g).
-4
Let z(g) = -2*g**3 - 3*g**2 - g. Let l be z(-2). Suppose -3*h + 4 = 5*b, -5*h = l*b - 2*b - 11. Let t(s) = -10*s**2 - 2*s - 1. Determine t(b).
-9
Let a = 891 + -887. Let s(m) be the third derivative of 0*m + 11*m**2 - 1/3*m**3 + 1/15*m**5 + 1/120*m**6 + 0 + 1/12*m**a. What is s(-2)?
2
Let n(k) = -k**2 - 3*k. Let b(d) = d**3 + 7*d**2 + 8*d + 8. Let y be b(-6). Let q be (-4)/y*-1*4. Determine n(q).
-4
Let r(y) = -2*y**2 - 2*y + 6. Suppose -2*i = 4*o + 22, 3*o + 4 + 0 = i. Calculate r(o).
-6
Let b(k) = -k**2 + 15*k - 19. Suppose 0 = -21*i + 55 + 218. What is b(i)?
7
Let z(g) = 9*g. Let v(m) = -4*m. Let i(s) = s**3 - s**2 - 4*s - 3. Let r be i(-2). Let t(p) = r*v(p) - 3*z(p). Let y = -59 + 63. Calculate t(y).
4
Let g(n) = -2*n + 9. Suppose -5*r + r + 28 = 0. Let i be g(r). Let m = -3 - i. Let l(h) = h**3 - 5*h**2 + 2*h - 1. Calculate l(m).
-9
Suppose 157*m - 169*m - 156 = 0. Let s(g) = g**2 + 16*g + 17. Determine s(m).
-22
Suppose -5*g - 116 = -31. Let b = g - -13. Let j(d) = -d**2 + d + 1. Let w(z) = z**2 - 5*z + 2. Let p(r) = -2*j(r) - w(r). Give p(b).
0
Suppose 0 = 8*z - 9 + 73. Let g(o) = -o**2 - 9*o - 8. Calculate g(z).
0
Let u(i) = -13 + i**3 + 6*i - 2*i**2 + 8 + 9*i**2. Let p = 82 + -88. Determine u(p).
-5
Let b be (-18)/2*2/(-6). Let v(z) = -2 - 91*z - b + 89*z. Calculate v(-4).
3
Let x(j) be the third derivative of -j**5/120 - j**4/6 - 2*j**3 - j**2. Let p(r) be the first derivative of x(r). Calculate p(-2).
-2
Let t(v) = -16*v**2 + 8 + 9*v**2 + v**2 + 3*v**2 + 7*v**2 - 4*v + v**3. Determine t(-5).
3
Suppose 0 = -3*k - 19 - 17. Suppose -14*g + 36 = -19*g + l, 2*g - 4*l = 0. Let p = g - k. Let i(z) = -3*z + 3. Determine i(p).
-9
Let f(q) be the second derivative of -q**5/20 + q**4/4 - 22*q + 1. Determine f(2).
4
Let h(a) = -a**3 + 8*a**2 + a - 1. Let s(l) = -12*l - 40. Let m be s(-4). Give h(m).
7
Let a(v) = -v**2 + 8*v + 2. Suppose 0*m + 8*m - 16 = 0. Let j(z) = 5*z**2 - 40*z - 10. Let q(u) = m*j(u) + 11*a(u). Determine q(7).
9
Let u(z) = 3*z - 2. Suppose -2*d + 11 - 2 = -5*o, 3*o = -3. Determine u(d).
4
Let k(i) be the first derivative of -i**3/6 - 3*i**2 + 9*i - 8. Let a(s) be the first derivative of k(s). Calculate a(-6).
0
Let j(x) be the first derivative of -2*x - 4 + 2/3*x**3 - 1/4*x**4 + 0*x**2. Let l be (3/(-6))/(2/(-8)). Determine j(l).
-2
Let h be ((-2)/(-8))/(5/100). Let w(i) = i**2 - 5*i + 2. Let o be w(h). Let l(u) = u - u - o*u + u. What is l(5)?
-5
Let s(i) = -6*i + 12. Let n(d) = -3*d + 11. Let h(w) = -3*n(w) + 2*s(w). Determine h(-6).
9
Let h(t) = -t**3 - t**2 + 2*t + 9. Let z be h(2). Let c(b) = 1 + 8 - 11 - 21*b + 1. What is c(z)?
-22
Let a(s) = s**3 + s + 1. Let y(b) = 23*b**3 + 2*b + 5. Let h(o) = -4*a(o) + y(o). What is h(1)?
18
Let x(m) be the second derivative of -m**3/6 - 3*m**2/2 + 5*m. Let y be 114/15 + (-6)/10. Suppose o = -13 + y. Give x(o).
3
Let x(l) be the first 